 when 36 is divided by 15?
6
What is the remainder when 3222 is divided by 805?
2
Calculate the remainder when 1597 is divided by 530.
7
Calculate the remainder when 1290 is divided by 203.
72
What is the remainder when 165 is divided by 43?
36
Calculate the remainder when 153 is divided by 60.
33
Calculate the remainder when 1804 is divided by 8.
4
What is the remainder when 2097 is divided by 70?
67
What is the remainder when 1235 is divided by 27?
20
Calculate the remainder when 116 is divided by 47.
22
Calculate the remainder when 531 is divided by 14.
13
Calculate the remainder when 238 is divided by 48.
46
What is the remainder when 29 is divided by 17?
12
Calculate the remainder when 78 is divided by 16.
14
Calculate the remainder when 1988 is divided by 17.
16
Calculate the remainder when 56 is divided by 31.
25
Calculate the remainder when 10886 is divided by 22.
18
What is the remainder when 149 is divided by 22?
17
Calculate the remainder when 91 is divided by 72.
19
What is the remainder when 40 is divided by 6?
4
What is the remainder when 968 is divided by 98?
86
Calculate the remainder when 1143 is divided by 32.
23
Calculate the remainder when 5562 is divided by 22.
18
What is the remainder when 154 is divided by 68?
18
What is the remainder when 696 is divided by 231?
3
What is the remainder when 133 is divided by 81?
52
What is the remainder when 18 is divided by 6?
0
Calculate the remainder when 2637 is divided by 20.
17
What is the remainder when 1616 is divided by 11?
10
What is the remainder when 1746 is divided by 33?
30
Calculate the remainder when 352 is divided by 38.
10
Calculate the remainder when 95 is divided by 32.
31
Calculate the remainder when 1614 is divided by 535.
9
Calculate the remainder when 73 is divided by 6.
1
Calculate the remainder when 31 is divided by 18.
13
Calculate the remainder when 1601 is divided by 48.
17
What is the remainder when 18 is divided by 11?
7
What is the remainder when 413 is divided by 52?
49
Calculate the remainder when 90 is divided by 26.
12
Calculate the remainder when 370 is divided by 93.
91
Calculate the remainder when 957 is divided by 24.
21
What is the remainder when 1549 is divided by 50?
49
Calculate the remainder when 16518 is divided by 56.
54
What is the remainder when 5066 is divided by 1680?
26
What is the remainder when 4149 is divided by 12?
9
What is the remainder when 1328 is divided by 264?
8
What is the remainder when 86 is divided by 7?
2
What is the remainder when 625 is divided by 169?
118
What is the remainder when 355 is divided by 50?
5
What is the remainder when 1259 is divided by 15?
14
What is the remainder when 1049 is divided by 40?
9
What is the remainder when 1056 is divided by 176?
0
What is the remainder when 10107 is divided by 3364?
15
Calculate the remainder when 428 is divided by 17.
3
Calculate the remainder when 249 is divided by 28.
25
What is the remainder when 59753 is divided by 185?
183
What is the remainder when 679 is divided by 28?
7
Calculate the remainder when 401 is divided by 57.
2
What is the remainder when 113 is divided by 13?
9
Calculate the remainder when 605 is divided by 301.
3
What is the remainder when 64 is divided by 5?
4
What is the remainder when 1201 is divided by 394?
19
What is the remainder when 700 is divided by 229?
13
What is the remainder when 279 is divided by 14?
13
Calculate the remainder when 219 is divided by 87.
45
What is the remainder when 1357 is divided by 194?
193
Calculate the remainder when 3880 is divided by 23.
16
Calculate the remainder when 377 is divided by 14.
13
Calculate the remainder when 287 is divided by 234.
53
What is the remainder when 1951 is divided by 34?
13
Calculate the remainder when 1617 is divided by 65.
57
What is the remainder when 453 is divided by 118?
99
What is the remainder when 1313 is divided by 1306?
7
What is the remainder when 268 is divided by 68?
64
Calculate the remainder when 189 is divided by 65.
59
What is the remainder when 543 is divided by 11?
4
What is the remainder when 13 is divided by 8?
5
What is the remainder when 227 is divided by 48?
35
Calculate the remainder when 1079 is divided by 215.
4
What is the remainder when 505 is divided by 128?
121
What is the remainder when 1335 is divided by 170?
145
What is the remainder when 25796 is divided by 300?
296
Calculate the remainder when 656 is divided by 15.
11
Calculate the remainder when 402 is divided by 54.
24
What is the remainder when 1592 is divided by 193?
48
What is the remainder when 576 is divided by 109?
31
Calculate the remainder when 76 is divided by 13.
11
Calculate the remainder when 3128 is divided by 174.
170
Calculate the remainder when 75 is divided by 67.
8
Calculate the remainder when 114 is divided by 4.
2
Calculate the remainder when 397 is divided by 16.
13
What is the remainder when 219 is divided by 77?
65
Calculate the remainder when 4397 is divided by 1465.
2
What is the remainder when 201 is divided by 102?
99
Calculate the remainder when 195 is divided by 100.
95
What is the remainder when 16 is divided by 8?
0
What is the remainder when 9249 is divided by 37?
36
Calculate the remainder when 269 is divided by 45.
44
What is the remainder when 1241 is divided by 113?
111
What is the remainder when 1300 is divided by 42?
40
What is the remainder when 226 is divided by 46?
42
Calculate the remainder when 1595 is divided by 46.
31
Calculate the remainder when 941 is divided by 167.
106
What is the remainder when 564 is divided by 7?
4
Calculate the remainder when 97 is divided by 17.
12
What is the remainder when 641 is divided by 39?
17
What is the remainder when 753 is divided by 246?
15
What is the remainder when 1663 is divided by 6?
1
Calculate the remainder when 2609 is divided by 10.
9
Calculate the remainder when 928 is divided by 93.
91
Calculate the remainder when 116 is divided by 47.
22
What is the remainder when 969 is divided by 324?
321
What is the remainder when 80 is divided by 30?
20
Calculate the remainder when 221 is divided by 74.
73
Calculate the remainder when 811 is divided by 19.
13
Calculate the remainder when 1901 is divided by 17.
14
Calculate the remainder when 5870 is divided by 1955.
5
What is the remainder when 84 is divided by 35?
14
Calculate the remainder when 1439 is divided by 45.
44
What is the remainder when 1667 is divided by 39?
29
Calculate the remainder when 128 is divided by 13.
11
What is the remainder when 1513 is divided by 215?
8
Calculate the remainder when 130 is divided by 35.
25
Calculate the remainder when 627 is divided by 79.
74
Calculate the remainder when 242 is divided by 179.
63
Calculate the remainder when 5020 is divided by 62.
60
Calculate the remainder when 121 is divided by 13.
4
What is the remainder when 566 is divided by 38?
34
Calculate the remainder when 30 is divided by 26.
4
Calculate the remainder when 126 is divided by 42.
0
What is the remainder when 572 is divided by 60?
32
Calculate the remainder when 143 is divided by 52.
39
What is the remainder when 166 is divided by 37?
18
What is the remainder when 306 is divided by 14?
12
What is the remainder when 1342 is divided by 149?
1
What is the remainder when 204 is divided by 18?
6
What is the remainder when 561 is divided by 27?
21
Calculate the remainder when 299 is divided by 92.
23
Calculate the remainder when 137 is divided by 38.
23
What is the remainder when 945 is divided by 57?
33
Calculate the remainder when 539 is divided by 5.
4
What is the remainder when 572 is divided by 116?
108
What is the remainder when 268 is divided by 8?
4
What is the remainder when 489 is divided by 26?
21
Calculate the remainder when 49 is divided by 21.
7
Calculate the remainder when 17973 is divided by 107.
104
What is the remainder when 295 is divided by 148?
147
Calculate the remainder when 559 is divided by 15.
4
What is the remainder when 419 is divided by 6?
5
Calculate the remainder when 376 is divided by 10.
6
Calculate the remainder when 94 is divided by 2.
0
What is the remainder when 23 is divided by 10?
3
Calculate the remainder when 379 is divided by 5.
4
What is the remainder when 660 is divided by 81?
12
What is the remainder when 96 is 